{"id":97,"date":"2024-09-05T23:51:01","date_gmt":"2024-09-05T21:51:01","guid":{"rendered":"https:\/\/serwer1869331.home.pl\/autoinstalator\/wordpresswoocommerce\/?post_type=product&#038;p=97"},"modified":"2024-09-12T14:29:41","modified_gmt":"2024-09-12T12:29:41","slug":"dobrze-plakat","status":"publish","type":"product","link":"https:\/\/dobrewrece.pl\/index.php\/produkt\/dobrze-plakat\/","title":{"rendered":"\u201eDobrze\u201d \u2013 plakat typograficzny"},"content":{"rendered":"<h4 dir=\"auto\">Plakat \u201eDobrze&#8221; to subtelna, a zarazem mocna deklaracja \u017cyczliwo\u015bci i wdzi\u0119czno\u015bci. Przypomina o tym, co naprawd\u0119 jest wa\u017cne w \u017cyciu. Ten typograficzny akcent wprowadzi do Twojego otoczenia ciep\u0142\u0105 i pozytywn\u0105 energi\u0119, bez zb\u0119dnej presji na perfekcj\u0119. \u201eDobrze\u201d to s\u0142owo, kt\u00f3re celebruje codzienno\u015b\u0107, zach\u0119caj\u0105c do zatrzymania si\u0119 i docenienia ma\u0142ych chwil. Umie\u015b\u0107 ten plakat w widocznym miejscu, aby codziennie wprawia\u0142 Ci\u0119 w dobry nastr\u00f3j lub podaruj go bliskiej osobie jako wyraz troski i wsparcia.<\/h4>\n<p>Plakat jest drukowany w lokalnej, rodzinnej drukarni ju\u017c po Twoim zam\u00f3wieniu. Dzi\u0119ki temu masz pewno\u015b\u0107, \u017ce praca, kt\u00f3r\u0105 otrzymasz, b\u0119dzie jeszcze pachnia\u0142a drukiem \ud83d\ude42<\/p>\n<p>Plakat sprzedawany jest bez ramki.<\/p>\n<p>Technika druku: Plakaty w rozmiarze Ma\u0142y i \u015aredni: druk laserowy, papier kredowy 170 g. Plakaty w rozmiarze Du\u017cym: druk na matowym papierze powlekanym o wymiarach 50&#215;70 cm i gramaturze 180 g.<\/p>\n<p><img loading=\"lazy\" decoding=\"async\" class=\"aligncenter wp-image-64 size-full\" src=\"http:\/\/serwer1869331.home.pl\/autoinstalator\/wordpresswoocommerce\/wp-content\/uploads\/2024\/08\/Dobrze-plakat.jpg\" alt=\"\" width=\"1022\" height=\"1022\" srcset=\"https:\/\/dobrewrece.pl\/wp-content\/uploads\/2024\/08\/Dobrze-plakat.jpg 1022w, https:\/\/dobrewrece.pl\/wp-content\/uploads\/2024\/08\/Dobrze-plakat-420x420.jpg 420w, https:\/\/dobrewrece.pl\/wp-content\/uploads\/2024\/08\/Dobrze-plakat-100x100.jpg 100w, https:\/\/dobrewrece.pl\/wp-content\/uploads\/2024\/08\/Dobrze-plakat-800x800.jpg 800w, https:\/\/dobrewrece.pl\/wp-content\/uploads\/2024\/08\/Dobrze-plakat-300x300.jpg 300w, https:\/\/dobrewrece.pl\/wp-content\/uploads\/2024\/08\/Dobrze-plakat-150x150.jpg 150w, https:\/\/dobrewrece.pl\/wp-content\/uploads\/2024\/08\/Dobrze-plakat-768x768.jpg 768w, https:\/\/dobrewrece.pl\/wp-content\/uploads\/2024\/08\/Dobrze-plakat-920x920.jpg 920w, https:\/\/dobrewrece.pl\/wp-content\/uploads\/2024\/08\/Dobrze-plakat-575x575.jpg 575w, https:\/\/dobrewrece.pl\/wp-content\/uploads\/2024\/08\/Dobrze-plakat-380x380.jpg 380w\" sizes=\"auto, (max-width: 1022px) 100vw, 1022px\" \/><\/p>\n<p>&nbsp;<\/p>\n<p dir=\"auto\"><img loading=\"lazy\" decoding=\"async\" class=\"aligncenter wp-image-65 size-full\" src=\"http:\/\/serwer1869331.home.pl\/autoinstalator\/wordpresswoocommerce\/wp-content\/uploads\/2024\/08\/Dobrze-plakat-we-wnetrzu.jpg\" alt=\"\" width=\"1022\" height=\"1022\" srcset=\"https:\/\/dobrewrece.pl\/wp-content\/uploads\/2024\/08\/Dobrze-plakat-we-wnetrzu.jpg 1022w, https:\/\/dobrewrece.pl\/wp-content\/uploads\/2024\/08\/Dobrze-plakat-we-wnetrzu-420x420.jpg 420w, https:\/\/dobrewrece.pl\/wp-content\/uploads\/2024\/08\/Dobrze-plakat-we-wnetrzu-100x100.jpg 100w, https:\/\/dobrewrece.pl\/wp-content\/uploads\/2024\/08\/Dobrze-plakat-we-wnetrzu-800x800.jpg 800w, https:\/\/dobrewrece.pl\/wp-content\/uploads\/2024\/08\/Dobrze-plakat-we-wnetrzu-300x300.jpg 300w, https:\/\/dobrewrece.pl\/wp-content\/uploads\/2024\/08\/Dobrze-plakat-we-wnetrzu-150x150.jpg 150w, https:\/\/dobrewrece.pl\/wp-content\/uploads\/2024\/08\/Dobrze-plakat-we-wnetrzu-768x768.jpg 768w, https:\/\/dobrewrece.pl\/wp-content\/uploads\/2024\/08\/Dobrze-plakat-we-wnetrzu-920x920.jpg 920w, https:\/\/dobrewrece.pl\/wp-content\/uploads\/2024\/08\/Dobrze-plakat-we-wnetrzu-575x575.jpg 575w, https:\/\/dobrewrece.pl\/wp-content\/uploads\/2024\/08\/Dobrze-plakat-we-wnetrzu-380x380.jpg 380w\" sizes=\"auto, (max-width: 1022px) 100vw, 1022px\" \/><\/p>\n","protected":false},"excerpt":{"rendered":"<p>Plakat \u201eDobrze&#8221; to subtelna, a zarazem mocna deklaracja \u017cyczliwo\u015bci i wdzi\u0119czno\u015bci. Przypomina o tym, co naprawd\u0119 jest wa\u017cne w \u017cyciu. Ten typograficzny akcent wprowadzi do Twojego otoczenia ciep\u0142\u0105 i pozytywn\u0105 [&hellip;]<\/p>\n","protected":false},"featured_media":63,"template":"","meta":[],"product_brand":[],"product_cat":[46,17,20,21],"product_tag":[25,34,22,38,33,27,37,23,53,31,51,55,54,36,35,52,32,56,26,24],"class_list":{"0":"post-97","1":"product","2":"type-product","3":"status-publish","4":"has-post-thumbnail","6":"product_cat-dobrze","7":"product_cat-grafiki-i-plakaty-dobre-slowa","8":"product_cat-plakaty","9":"product_cat-wszystkie-produkty","10":"product_tag-autorska-grafika","11":"product_tag-dekoracja-wnetrz","12":"product_tag-dobrze","13":"product_tag-grafika-artystyczna","14":"product_tag-grafika-motywacyjna","15":"product_tag-grafika-typograficzna","16":"product_tag-ilustracja-autorska","17":"product_tag-intencja","18":"product_tag-kreatywne-grafiki","19":"product_tag-minimalistyczny-design","20":"product_tag-plakat","21":"product_tag-plakat-motywacyjny","22":"product_tag-plakat-typograficzny","23":"product_tag-polska-grafika","24":"product_tag-polski-design","25":"product_tag-polski-plakat","26":"product_tag-prezent-z-przeslaniem","27":"product_tag-produkty-dla-domu","28":"product_tag-typografia","29":"product_tag-zyczliwosc","31":"first","32":"instock","33":"taxable","34":"shipping-taxable","35":"purchasable","36":"product-type-variable"},"jetpack_sharing_enabled":true,"_links":{"self":[{"href":"https:\/\/dobrewrece.pl\/index.php\/wp-json\/wp\/v2\/product\/97","targetHints":{"allow":["GET"]}}],"collection":[{"href":"https:\/\/dobrewrece.pl\/index.php\/wp-json\/wp\/v2\/product"}],"about":[{"href":"https:\/\/dobrewrece.pl\/index.php\/wp-json\/wp\/v2\/types\/product"}],"wp:featuredmedia":[{"embeddable":true,"href":"https:\/\/dobrewrece.pl\/index.php\/wp-json\/wp\/v2\/media\/63"}],"wp:attachment":[{"href":"https:\/\/dobrewrece.pl\/index.php\/wp-json\/wp\/v2\/media?parent=97"}],"wp:term":[{"taxonomy":"product_brand","embeddable":true,"href":"https:\/\/dobrewrece.pl\/index.php\/wp-json\/wp\/v2\/product_brand?post=97"},{"taxonomy":"product_cat","embeddable":true,"href":"https:\/\/dobrewrece.pl\/index.php\/wp-json\/wp\/v2\/product_cat?post=97"},{"taxonomy":"product_tag","embeddable":true,"href":"https:\/\/dobrewrece.pl\/index.php\/wp-json\/wp\/v2\/product_tag?post=97"}],"curies":[{"name":"wp","href":"https:\/\/api.w.org\/{rel}","templated":true}]}}

<h4 dir="auto">Plakat „Dobrze&#8221; to subtelna, a zarazem mocna deklaracja życzliwości i wdzięczności. Przypomina o tym, co naprawdę jest ważne w życiu. Ten typograficzny akcent wprowadzi do Twojego otoczenia ciepłą i pozytywną energię, bez zbędnej presji na perfekcję. „Dobrze” to słowo, które celebruje codzienność, zachęcając do zatrzymania się i docenienia małych chwil. Umieść ten plakat w widocznym miejscu, aby codziennie wprawiał Cię w dobry nastrój lub podaruj go bliskiej osobie jako wyraz troski i wsparcia.</h4>
<p>Plakat jest drukowany w lokalnej, rodzinnej drukarni już po Twoim zamówieniu. Dzięki temu masz pewność, że praca, którą otrzymasz, będzie jeszcze pachniała drukiem 🙂</p>
<p>Plakat sprzedawany jest bez ramki.</p>
<p>Technika druku: Plakaty w rozmiarze Mały i Średni: druk laserowy, papier kredowy 170 g. Plakaty w rozmiarze Dużym: druk na matowym papierze powlekanym o wymiarach 50&#215;70 cm i gramaturze 180 g.</p>
<p><img loading="lazy" decoding="async" class="aligncenter wp-image-64 size-full" src="http://serwer1869331.home.pl/autoinstalator/wordpresswoocommerce/wp-content/uploads/2024/08/Dobrze-plakat.jpg" alt="" width="1022" height="1022" srcset="https://dobrewrece.pl/wp-content/uploads/2024/08/Dobrze-plakat.jpg 1022w, https://dobrewrece.pl/wp-content/uploads/2024/08/Dobrze-plakat-420x420.jpg 420w, https://dobrewrece.pl/wp-content/uploads/2024/08/Dobrze-plakat-100x100.jpg 100w, https://dobrewrece.pl/wp-content/uploads/2024/08/Dobrze-plakat-800x800.jpg 800w, https://dobrewrece.pl/wp-content/uploads/2024/08/Dobrze-plakat-300x300.jpg 300w, https://dobrewrece.pl/wp-content/uploads/2024/08/Dobrze-plakat-150x150.jpg 150w, https://dobrewrece.pl/wp-content/uploads/2024/08/Dobrze-plakat-768x768.jpg 768w, https://dobrewrece.pl/wp-content/uploads/2024/08/Dobrze-plakat-920x920.jpg 920w, https://dobrewrece.pl/wp-content/uploads/2024/08/Dobrze-plakat-575x575.jpg 575w, https://dobrewrece.pl/wp-content/uploads/2024/08/Dobrze-plakat-380x380.jpg 380w" sizes="auto, (max-width: 1022px) 100vw, 1022px" /></p>
<p>&nbsp;</p>
<p dir="auto"><img loading="lazy" decoding="async" class="aligncenter wp-image-65 size-full" src="http://serwer1869331.home.pl/autoinstalator/wordpresswoocommerce/wp-content/uploads/2024/08/Dobrze-plakat-we-wnetrzu.jpg" alt="" width="1022" height="1022" srcset="https://dobrewrece.pl/wp-content/uploads/2024/08/Dobrze-plakat-we-wnetrzu.jpg 1022w, https://dobrewrece.pl/wp-content/uploads/2024/08/Dobrze-plakat-we-wnetrzu-420x420.jpg 420w, https://dobrewrece.pl/wp-content/uploads/2024/08/Dobrze-plakat-we-wnetrzu-100x100.jpg 100w, https://dobrewrece.pl/wp-content/uploads/2024/08/Dobrze-plakat-we-wnetrzu-800x800.jpg 800w, https://dobrewrece.pl/wp-content/uploads/2024/08/Dobrze-plakat-we-wnetrzu-300x300.jpg 300w, https://dobrewrece.pl/wp-content/uploads/2024/08/Dobrze-plakat-we-wnetrzu-150x150.jpg 150w, https://dobrewrece.pl/wp-content/uploads/2024/08/Dobrze-plakat-we-wnetrzu-768x768.jpg 768w, https://dobrewrece.pl/wp-content/uploads/2024/08/Dobrze-plakat-we-wnetrzu-920x920.jpg 920w, https://dobrewrece.pl/wp-content/uploads/2024/08/Dobrze-plakat-we-wnetrzu-575x575.jpg 575w, https://dobrewrece.pl/wp-content/uploads/2024/08/Dobrze-plakat-we-wnetrzu-380x380.jpg 380w" sizes="auto, (max-width: 1022px) 100vw, 1022px" /></p>

<p>Plakat „Dobrze&#8221; to subtelna, a zarazem mocna deklaracja życzliwości i wdzięczności. Przypomina o tym, co naprawdę jest ważne w życiu. Ten typograficzny akcent wprowadzi do Twojego otoczenia ciepłą i pozytywną [&hellip;]</p>
